{"id":722,"date":"2016-04-12T20:28:05","date_gmt":"2016-04-12T20:28:05","guid":{"rendered":"http:\/\/rociodoshermanas.es\/?page_id=722"},"modified":"2016-04-12T20:28:16","modified_gmt":"2016-04-12T20:28:16","slug":"722-2","status":"publish","type":"page","link":"https:\/\/rociodoshermanas.es\/?page_id=722","title":{"rendered":"Firmas relevantes en el Libro de Oro de la Hermandad"},"content":{"rendered":"<p style=\"text-align: center;\">Algunas Firmas De Relevante Inter\u00e9s:<\/p>\n<p style=\"text-align: center;\"><img loading=\"lazy\" decoding=\"async\" class=\"aligncenter wp-image-83 size-full\" src=\"http:\/\/rociodoshermanas.es\/wp-content\/uploads\/2016\/04\/NUMERO-1.jpg\" alt=\"NUMERO 1\" width=\"448\" height=\"210\" srcset=\"https:\/\/rociodoshermanas.es\/wp-content\/uploads\/2016\/04\/NUMERO-1.jpg 448w, https:\/\/rociodoshermanas.es\/wp-content\/uploads\/2016\/04\/NUMERO-1-300x141.jpg 300w\" sizes=\"auto, (max-width: 448px) 100vw, 448px\" \/><\/p>\n<p style=\"text-align: center;\">\u201dEn Gelo, la noche del d\u00eda veintisiete de mayo de 1958, al regreso de la hermandad de la Romer\u00eda del Roc\u00edo\u201d<\/p>\n<p style=\"text-align: center;\">FIRMA: \u201cMar\u00eda de Borb\u00f3n, Condesa de Barcelona\u201d.<\/p>\n<p style=\"text-align: center;\"><img loading=\"lazy\" decoding=\"async\" class=\"aligncenter wp-image-84 size-full\" src=\"http:\/\/rociodoshermanas.es\/wp-content\/uploads\/2016\/04\/NUMERO-2.jpg\" alt=\"NUMERO 2\" width=\"448\" height=\"169\" srcset=\"https:\/\/rociodoshermanas.es\/wp-content\/uploads\/2016\/04\/NUMERO-2.jpg 448w, https:\/\/rociodoshermanas.es\/wp-content\/uploads\/2016\/04\/NUMERO-2-300x113.jpg 300w\" sizes=\"auto, (max-width: 448px) 100vw, 448px\" \/><\/p>\n<p style=\"text-align: center;\">\u201cJos\u00e9 Mar\u00eda, Cardenal Bueno Monreal \u201c<\/p>\n<p style=\"text-align: center;\">FIRMA: \u201cObispo de Sevilla\u201d mayo 1959.<\/p>\n<p style=\"text-align: center;\"><img loading=\"lazy\" decoding=\"async\" class=\"aligncenter wp-image-85 size-full\" src=\"http:\/\/rociodoshermanas.es\/wp-content\/uploads\/2016\/04\/NUMERO-3.jpg\" alt=\"NUMERO 3\" width=\"448\" height=\"168\" srcset=\"https:\/\/rociodoshermanas.es\/wp-content\/uploads\/2016\/04\/NUMERO-3.jpg 448w, https:\/\/rociodoshermanas.es\/wp-content\/uploads\/2016\/04\/NUMERO-3-300x113.jpg 300w\" sizes=\"auto, (max-width: 448px) 100vw, 448px\" \/><\/p>\n<p style=\"text-align: center;\">\u201cViva esa Blanca Paloma\u201d<\/p>\n<p style=\"text-align: center;\">FIRMA: \u201cJos\u00e9 Pichardo Ojeda, Rector del Santuario, mayo 1959.<\/p>\n<p style=\"text-align: center;\"><img loading=\"lazy\" decoding=\"async\" class=\"aligncenter wp-image-86 size-full\" src=\"http:\/\/rociodoshermanas.es\/wp-content\/uploads\/2016\/04\/NUMERO-4.jpg\" alt=\"NUMERO 4\" width=\"448\" height=\"71\" srcset=\"https:\/\/rociodoshermanas.es\/wp-content\/uploads\/2016\/04\/NUMERO-4.jpg 448w, https:\/\/rociodoshermanas.es\/wp-content\/uploads\/2016\/04\/NUMERO-4-300x48.jpg 300w\" sizes=\"auto, (max-width: 448px) 100vw, 448px\" \/><\/p>\n<p style=\"text-align: center;\">\u201cPedro, Obispo de Huelva\u201d mayo 1959<\/p>\n<p style=\"text-align: center;\"><img loading=\"lazy\" decoding=\"async\" class=\"aligncenter wp-image-87 size-full\" src=\"http:\/\/rociodoshermanas.es\/wp-content\/uploads\/2016\/04\/NUMERO-5.jpg\" alt=\"NUMERO 5\" width=\"448\" height=\"218\" srcset=\"https:\/\/rociodoshermanas.es\/wp-content\/uploads\/2016\/04\/NUMERO-5.jpg 448w, https:\/\/rociodoshermanas.es\/wp-content\/uploads\/2016\/04\/NUMERO-5-300x146.jpg 300w\" sizes=\"auto, (max-width: 448px) 100vw, 448px\" \/><\/p>\n<p style=\"text-align: center;\">\u201cMariano P\u00e9rez Ayala\u201d<\/p>\n<p style=\"text-align: center;\">FIRMA: \u201cAlcalde de Sevilla, Junio, 1962\u201d<\/p>\n<p style=\"text-align: center;\"><img loading=\"lazy\" decoding=\"async\" class=\"aligncenter wp-image-88 size-full\" src=\"http:\/\/rociodoshermanas.es\/wp-content\/uploads\/2016\/04\/NUMERO-6.jpg\" alt=\"NUMERO 6\" width=\"403\" height=\"336\" srcset=\"https:\/\/rociodoshermanas.es\/wp-content\/uploads\/2016\/04\/NUMERO-6.jpg 403w, https:\/\/rociodoshermanas.es\/wp-content\/uploads\/2016\/04\/NUMERO-6-300x250.jpg 300w\" sizes=\"auto, (max-width: 403px) 100vw, 403px\" \/><\/p>\n<p style=\"text-align: center;\">\u201cCon mi bendici\u00f3n y enhorabuena a todos los Hermanos de esta Hermandad de Nuestra Se\u00f1ora del Roc\u00edo en el d\u00eda de la bendici\u00f3n de la nueva casa hermandad\u201d<\/p>\n<p style=\"text-align: center;\">FIRMA: \u00abCarlos Amigo, Arzobispo de Sevilla, 7 de Febrero de 2002\u00bb<\/p>\n<p style=\"text-align: center;\"><img loading=\"lazy\" decoding=\"async\" class=\"aligncenter wp-image-89 size-full\" src=\"http:\/\/rociodoshermanas.es\/wp-content\/uploads\/2016\/04\/NUMERO-7.jpg\" alt=\"NUMERO 7\" width=\"448\" height=\"285\" srcset=\"https:\/\/rociodoshermanas.es\/wp-content\/uploads\/2016\/04\/NUMERO-7.jpg 448w, https:\/\/rociodoshermanas.es\/wp-content\/uploads\/2016\/04\/NUMERO-7-300x191.jpg 300w\" sizes=\"auto, (max-width: 448px) 100vw, 448px\" \/><\/p>\n<p style=\"text-align: center;\">\u201cQue esta casa sea un lugar de encuentro donde se fomenten las virtudes cristianas, la comuni\u00f3n eclesial y el celo apost\u00f3lico para implantar el Reino de Dios\u201d<\/p>\n<p style=\"text-align: center;\">FIRMA: Lorenzo Nieto, Dos Hermanas 7 de febrero de 2002.(director espiritual)<\/p>\n<p style=\"text-align: center;\"><img loading=\"lazy\" decoding=\"async\" class=\"aligncenter wp-image-723 size-full\" src=\"http:\/\/rociodoshermanas.es\/wp-content\/uploads\/2016\/04\/NUMERO-8-1.jpg\" alt=\"NUMERO 8\" width=\"448\" height=\"222\" srcset=\"https:\/\/rociodoshermanas.es\/wp-content\/uploads\/2016\/04\/NUMERO-8-1.jpg 448w, https:\/\/rociodoshermanas.es\/wp-content\/uploads\/2016\/04\/NUMERO-8-1-300x149.jpg 300w\" sizes=\"auto, (max-width: 448px) 100vw, 448px\" \/><\/p>\n<p style=\"text-align: center;\">\u201cQue el Amor de los Hermanos de esta querida Hermandad, sirva para reforzar el Amor Fraterno y contundentemente pregonar la Fe que con toda fuerza promulgamos\u201d<\/p>\n<p style=\"text-align: center;\">FIRMA: Leoncio Alba Carballido, 7 de febrero de 2002 (presidente del consejo de hermandades)<\/p>\n","protected":false},"excerpt":{"rendered":"<p>Algunas Firmas De Relevante Inter\u00e9s: \u201dEn Gelo, la noche del d\u00eda veintisiete de mayo de 1958, al regreso de la hermandad de la Romer\u00eda del Roc\u00edo\u201d FIRMA: \u201cMar\u00eda de Borb\u00f3n, Condesa de<a class=\"moretag\" href=\"https:\/\/rociodoshermanas.es\/?page_id=722\">Leer m\u00e1s&#8230;<\/a><\/p>\n","protected":false},"author":1,"featured_media":0,"parent":318,"menu_order":0,"comment_status":"closed","ping_status":"closed","template":"","meta":{"jetpack_post_was_ever_published":false,"footnotes":""},"class_list":["post-722","page","type-page","status-publish","hentry"],"jetpack_sharing_enabled":true,"jetpack_shortlink":"https:\/\/wp.me\/P8wOBG-bE","_links":{"self":[{"href":"https:\/\/rociodoshermanas.es\/index.php?rest_route=\/wp\/v2\/pages\/722","targetHints":{"allow":["GET"]}}],"collection":[{"href":"https:\/\/rociodoshermanas.es\/index.php?rest_route=\/wp\/v2\/pages"}],"about":[{"href":"https:\/\/rociodoshermanas.es\/index.php?rest_route=\/wp\/v2\/types\/page"}],"author":[{"embeddable":true,"href":"https:\/\/rociodoshermanas.es\/index.php?rest_route=\/wp\/v2\/users\/1"}],"replies":[{"embeddable":true,"href":"https:\/\/rociodoshermanas.es\/index.php?rest_route=%2Fwp%2Fv2%2Fcomments&post=722"}],"version-history":[{"count":2,"href":"https:\/\/rociodoshermanas.es\/index.php?rest_route=\/wp\/v2\/pages\/722\/revisions"}],"predecessor-version":[{"id":725,"href":"https:\/\/rociodoshermanas.es\/index.php?rest_route=\/wp\/v2\/pages\/722\/revisions\/725"}],"up":[{"embeddable":true,"href":"https:\/\/rociodoshermanas.es\/index.php?rest_route=\/wp\/v2\/pages\/318"}],"wp:attachment":[{"href":"https:\/\/rociodoshermanas.es\/index.php?rest_route=%2Fwp%2Fv2%2Fmedia&parent=722"}],"curies":[{"name":"wp","href":"https:\/\/api.w.org\/{rel}","templated":true}]}}